he thousands digit of 148096?
8
What is the units digit of 772206?
6
What is the ten thousands digit of 420463?
2
What is the ten thousands digit of 358887?
5
What is the ten millions digit of 19762762?
1
What is the units digit of 11454667?
7
What is the hundreds digit of 196266?
2
What is the thousands digit of 2361074?
1
What is the millions digit of 8917425?
8
What is the ten thousands digit of 3656403?
5
What is the hundred thousands digit of 342558?
3
What is the thousands digit of 387699?
7
What is the hundreds digit of 1052474?
4
What is the units digit of 6639837?
7
What is the thousands digit of 234973?
4
What is the tens digit of 4593567?
6
What is the ten thousands digit of 1725356?
2
What is the tens digit of 60458?
5
What is the hundreds digit of 565417?
4
What is the ten millions digit of 35973864?
3
What is the hundred thousands digit of 1344104?
3
What is the thousands digit of 1612485?
2
What is the hundred thousands digit of 326872?
3
What is the millions digit of 10185291?
0
What is the tens digit of 346998?
9
What is the hundreds digit of 770434?
4
What is the ten thousands digit of 94343?
9
What is the units digit of 691832?
2
What is the hundred thousands digit of 488522?
4
What is the millions digit of 4087927?
4
What is the tens digit of 185627?
2
What is the thousands digit of 988142?
8
What is the hundred thousands digit of 302341?
3
What is the ten thousands digit of 3808559?
0
What is the hundreds digit of 177977?
9
What is the hundred thousands digit of 9347990?
3
What is the hundreds digit of 7643841?
8
What is the tens digit of 1791416?
1
What is the hundred thousands digit of 154402?
1
What is the hundred thousands digit of 519686?
5
What is the units digit of 10765193?
3
What is the units digit of 298551?
1
What is the hundred thousands digit of 982592?
9
What is the units digit of 2139632?
2
What is the hundreds digit of 2711305?
3
What is the ten millions digit of 36755766?
3
What is the thousands digit of 204711?
4
What is the ten thousands digit of 363529?
6
What is the units digit of 441749?
9
What is the ten thousands digit of 3530935?
3
What is the hundreds digit of 5035007?
0
What is the thousands digit of 85838?
5
What is the hundred thousands digit of 5239336?
2
What is the units digit of 725590?
0
What is the thousands digit of 1914915?
4
What is the tens digit of 804288?
8
What is the millions digit of 18901067?
8
What is the hundred thousands digit of 10267991?
2
What is the units digit of 2951916?
6
What is the hundred thousands digit of 224730?
2
What is the hundreds digit of 1297107?
1
What is the ten thousands digit of 911790?
1
What is the millions digit of 3367143?
3
What is the units digit of 755484?
4
What is the units digit of 319591?
1
What is the units digit of 20177095?
5
What is the hundreds digit of 233626?
6
What is the units digit of 370013?
3
What is the units digit of 4696252?
2
What is the ten millions digit of 15757874?
1
What is the hundred thousands digit of 139142?
1
What is the tens digit of 7856398?
9
What is the hundreds digit of 118556?
5
What is the hundred thousands digit of 34566579?
5
What is the millions digit of 28719061?
8
What is the hundred thousands digit of 154122?
1
What is the hundreds digit of 1114492?
4
What is the tens digit of 57793?
9
What is the thousands digit of 208431?
8
What is the thousands digit of 1779032?
9
What is the thousands digit of 11104989?
4
What is the units digit of 15977181?
1
What is the hundred thousands digit of 16606295?
6
What is the tens digit of 326641?
4
What is the hundred thousands digit of 198236?
1
What is the hundreds digit of 142053?
0
What is the hundreds digit of 722398?
3
What is the ten thousands digit of 152206?
5
What is the ten millions digit of 19089845?
1
What is the hundreds digit of 2111068?
0
What is the tens digit of 2208222?
2
What is the tens digit of 4436653?
5
What is the tens digit of 6342523?
2
What is the tens digit of 349437?
3
What is the ten thousands digit of 16259170?
5
What is the millions digit of 28891149?
8
What is the ten thousands digit of 1351608?
5
What is the hundred thousands digit of 554566?
5
What is the hundred thousands digit of 130521?
1
What is the units digit of 9074122?
2
What is the tens digit of 38279?
7
What is the hundreds digit of 12254958?
9
What is the hundred thousands digit of 840708?
8
What is the hundreds digit of 100119?
1
What is the units digit of 15400241?
1
What is the units digit of 384931?
1
What is the millions digit of 12415865?
2
What is the thousands digit of 50331?
0
What is the units digit of 881119?
9
What is the tens digit of 109304?
0
What is the units digit of 135875?
5
What is the ten thousands digit of 29946835?
4
What is the hundred thousands digit of 276862?
2
What is the hundreds digit of 62284?
2
What is the hundreds digit of 907061?
0
What is the units digit of 145139?
9
What is the hundreds digit of 3522686?
6
What is the tens digit of 2160?
6
What is the thousands digit of 20189616?
9
What is the millions digit of 2728238?
2
What is the units digit of 637481?
1
What is the tens digit of 207544?
4
What is the ten thousands digit of 10108?
1
What is the hundreds digit of 7676261?
2
What is the units digit of 369414?
4
What is the units digit of 70139?
9
What is the ten thousands digit of 298273?
9
What is the hundreds digit of 542700?
7
What is the hundreds digit of 493315?
3
What is the millions digit of 28107918?
8
What is the hundred thousands digit of 126648?
1
What is the tens digit of 1978926?
2
What is the units digit of 17130147?
7
What is the thousands digit of 1456369?
6
What is the hundreds digit of 3049111?
1
What is the tens digit of 29025?
2
What is the thousands digit of 1924744?
4
What is the hundred thousands digit of 4914019?
9
What is the units digit of 452363?
3
What is the thousands digit of 1213040?
3
What is the tens digit of 1084198?
9
What is the tens digit of 436560?
6
What is the units digit of 4012304?
4
What is the tens digit of 5460841?
4
What is the hundreds digit of 795799?
7
What is the thousands digit of 4543953?
3
What is the tens digit of 3244934?
3
What is the ten thousands digit of 91818?
9
What is the units digit of 17111974?
4
What is the thousands digit of 185199?
5
What is the ten thousands digit of 837991?
3
What is the tens digit of 185240?
4
What is the hundreds digit of 3370914?
9
What is the ten thousands digit of 14368959?
6
What is the hundred thousands digit of 265547?
2
What is the tens digit of 41421084?
8
What is the units digit of 169726?
6
What is the hundred thousands digit of 154448?
1
What is the hundreds digit of 11289765?
7
What is the hundred thousands digit of 159372?
1
What is the tens digit of 273949?
4
What is the hundreds digit of 211288?
2
What is the hundreds digit of 137573?
5
What is the thousands digit of 636832?
6
What is the thousands digit of 102922?
2
What is the ten thousands digit of 15360544?
6
What is the hundred thousands digit of 283600?
2
What is the millions digit of 14511094?
4
What is the tens digit of 1023314?
1
What is the units digit of 371962?
2
What is the hundreds digit of 460866?
8
What is the ten thousands digit of 754855?
5
What is the hundred thousands digit of 544743?
5
What is the hundred thousands digit of 378401?
3
What is the tens digit of 2695940?
4
What is the millions digit of 1366626?
1
What is the tens digit of 791259?
5
What is the thousands digit of 519878?
9
What is the units digit of 602283?
3
What is the units digit of 8328697?
7
What is the hundred thousands digit of 5067696?
0
What is the tens digit of 1848026?
2
What is the tens digit of 6642770?
7
What is the tens digit of 267426?
2
What is the thousands digit of 26914?
6
What is the hundred thousands digit of 9358395?
3
What is the hundred thousands digit of 334045?
3
What is the units digit of 1297096?
6
What is the hundreds digit of 9984007?
0
What is the tens digit of 14763051?
5
What is the thousands digit of 604086?
4
What is the units digit of 158753?
3
What is the tens digit of 9079?
7
What is the ten thousands digit of 10751395?
5
What is the units digit of 238617?
7
What is the hundreds digit of 2122679?
6
What is the ten thousands digit of 8928588?
2
What is the ten